(o).
13
Let o(a) = 4*a**2 + 4*a**3 + 5 - 5*a**3 - 3 - 2*a - 4. Let f be o(2). Suppose 0 = -2*p + 16 + f. Calculate the remainder when 25 is divided by p.
7
Let y(j) = j + 48. Calculate the remainder when 32 is divided by y(-29).
13
Suppose 0 = -2*w - 3*w + 15. Calculate the remainder when 31 is divided by (4/w)/(2/24).
15
Suppose 0 = -5*l + 71 + 4. Calculate the remainder when 57 is divided by l.
12
Calculate the remainder when ((-213)/6)/((-3)/6) is divided by 24.
23
What is the remainder when ((-26)/4)/((-1)/6) is divided by 5?
4
Suppose 0 = s + 2 + 1. Calculate the remainder when 3/(1/((-2)/(-3))) is divided by s/((-5)/((-10)/(-3))).
0
Let d(m) = 2*m + 6. Let c be d(6). What is the remainder when 70 is divided by 872/36 + (-4)/c?
22
Suppose 4*u - 20 = -4*d, -2*d + 3*u = -d - 1. Suppose 4*l - 4 = -j, d*j - 29 = j + 5*l. What is the remainder when 22 is divided by j?
6
Let g = 4 - 1. Suppose 0 = 5*d - 2*q - 58, -7*q + 2*q + 41 = 3*d. What is the remainder when d is divided by g?
0
Suppose 0 = -o + 1, 4*u - 5 - 8 = -o. Suppose -3*a + 0*a + u*m + 6 = 0, 0 = 5*a + m - 28. What is the remainder when a is divided by 4?
1
Let m(l) = -32*l**3 + 2*l + 1. Let y be m(-1). Suppose u = y + 16. Calculate the remainder when u is divided by 12.
11
Let d(w) = -10*w - 6. Suppose 56 = 4*f + 3*r - 4*r, -4*f - 3*r = -72. Calculate the remainder when d(-5) is divided by f.
14
Let w = -20 + 10. Let q = 36 + w. Let d = 14 - 0. What is the remainder when q is divided by d?
12
Calculate the remainder when 5 is divided by (12/(-8))/(6/(-16)).
1
Let v(q) = 1 - 2*q + 2*q - 3*q. Calculate the remainder when 29 is divided by v(-3).
9
Suppose 0 = a - q - 19, 5*q - 1 + 64 = 3*a. What is the remainder when 75 is divided by a?
11
Let k(w) = -7*w**2 - 7*w + 18. Let n(d) = 3*d**2 + 4*d - 9. Let j(o) = -4*k(o) - 9*n(o). What is the remainder when 3 is divided by j(7)?
1
Suppose 4*c + c = 345. Suppose 0*z - 2*v = -5*z + c, 3*v = 4*z - 58. What is the remainder when 25 is divided by z?
12
Let f(q) = 12*q + 2. Let v be 20/(-70) + (-23)/(-7). What is the remainder when f(v) is divided by 20?
18
Suppose -4*l - 48 = -0*l. Calculate the remainder when ((-44)/(-5))/(18/45) is divided by (l/14)/((-2)/14).
4
Let v be 3 - 21/(-2)*10. Let h = v + -41. Calculate the remainder when h is divided by 17.
16
Suppose -5*g + 233 = 4*s, -2*g + 174 = 2*g - 3*s. Suppose -2*c + 27 = 2*k - 19, 2*c + k = 46. Calculate the remainder when g is divided by c.
22
What is the remainder when 267*5/45*3 is divided by 18?
17
Let u = 9 - 3. What is the remainder when 22 is divided by u?
4
Let s(a) = 4*a**2 + 3*a - 4. Let p = 71 + -50. Calculate the remainder when s(3) is divided by p.
20
Let n(f) = 7*f**2 + 2*f. Let o = 28 - 13. Calculate the remainder when n(-3) is divided by o.
12
Suppose z - 2*v - 3 = 0, -4*z - 2*v + 2 = -0. Let i(n) = -n**3 + 7*n**2 + 7*n + 11. Calculate the remainder when i(8) is divided by z.
0
Let c = -5 - 85. Let k = -62 - c. Suppose 0 = h + 6 - 16. Calculate the remainder when k is divided by h.
8
Let y(c) = -c + 36. Let r = -3 - -1. Let b = -2 - r. Calculate the remainder when y(b) is divided by 13.
10
What is the remainder when 44 is divided by 18 - ((-18)/(-5) + (-10)/(-25))?
2
Let t = 61 - 38. Calculate the remainder when t is divided by 7.
2
Suppose -c + 390 = 5*d, -5*c + 229 = 5*d - 161. What is the remainder when d is divided by 14?
8
Let d(a) = -2*a**2 + 2*a + 1. Let q be d(2). What is the remainder when 14 is divided by (1 - -9)*q/(-6)?
4
Calculate the remainder when (53 - (1 - -3)) + -3 is divided by 26.
20
Let n(u) = -51*u**3 - 2*u**2 - 3*u - 2. Suppose 3 = -2*b - b. Calculate the remainder when n(b) is divided by 13.
11
Let k(j) = j**2 - j. Let h be k(2). Suppose 6*g - g + f = 121, 62 = h*g - 3*f. Suppose -2*u + 30 = 4. Calculate the remainder when g is divided by u.
12
Let c = -16 + 10. Let r = c + 21. Suppose -o + r = -0*o. What is the remainder when 44 is divided by o?
14
Let l(m) = -m**2 + 12*m + 98. Let u = -14 + 49. Calculate the remainder when u is divided by l(17).
9
Suppose -u = -3*v - 12, 12 = 2*u - v + 3. Suppose u*g = -4*b - 0*b + 27, 0 = -3*b - 3*g + 18. Calculate the remainder when 25 is divided by b.
7
Let j(p) = 2*p**3 - 4*p**2 - 6*p + 1. Calculate the remainder when j(4) is divided by 14.
13
Let v = -14 + 25. Let m(u) = -u**3 - u + 2. Let k = 13 + -16. What is the remainder when m(k) is divided by v?
10
Suppose 9*m - 105 = 6*m. What is the remainder when m is divided by 10?
5
Calculate the remainder when 229 + -1 + -1 + 2 is divided by 23.
22
Let y = 436 - 250. What is the remainder when y is divided by 27?
24
Suppose 0 = m + m - 104. Suppose 0*o = o - 18. What is the remainder when m is divided by o?
16
Calculate the remainder when ((-34)/(-4))/(-4*(-5)/40) is divided by 5.
2
Let i be 3/(-1) - (1 + -1). Let n be (-73)/3 + i/(-9). What is the remainder when 35 is divided by n*2*1/(-4)?
11
Let v = 38 + -21. Let r(i) = -2*i - 1. Let b be r(-3). Let g(t) = t**2 - 4*t + 4. What is the remainder when v is divided by g(b)?
8
Suppose -98 = 5*r - 253. Calculate the remainder when r is divided by 8.
7
Let v(b) be the first derivative of b**2/2 + 3. Calculate the remainder when v(6) is divided by 4.
2
Let n(d) = -d**2 + 25*d - 15. What is the remainder when n(21) is divided by 8?
5
Suppose 833 = -8*t + 25*t. Calculate the remainder when 95 is divided by t.
46
What is the remainder when 15/(-12)*8/(2/(-2)) is divided by 6?
4
What is the remainder when 22 is divided by ((-2 - -4) + -15)*-1?
9
Suppose 21 - 1 = 4*z. Suppose -z*x = 3*l + 2*l, 2*x = 2*l + 8. Suppose 5*t - 2*r = 22, 2*t + r + 4*r = 3. Calculate the remainder when t is divided by x.
0
Let o = 11 - -9. Calculate the remainder when 70 is divided by o.
10
Let i(h) = h**2 - 2*h + 5. Suppose -4*g - 19 + 3 = 0. Let a = g + 9. Calculate the remainder when i(a) is divided by 11.
9
Let n be (-2)/(-8) - (-70)/40. Suppose 56 = n*k - 36. Let r = 6 - -10. Calculate the remainder when k is divided by r.
14
Suppose z = 1 + 1. Suppose -89 + z = -3*p. What is the remainder when p is divided by 10?
9
Suppose -252 = -4*o + 152. Let n = -9 - -14. Suppose -6*v + v - 2*g + 77 = 0, -n*v + o = -4*g. What is the remainder when v is divided by 6?
5
Let z(t) = -2*t**2 - 3*t + 1. Let a be z(-3). Let o = a + 18. Suppose -r = b - 32, 5*r + 3*b = 7 + 147. What is the remainder when r is divided by o?
9
Suppose 1 + 3 = d. Suppose 4 = 13*v - 12*v. Suppose -5*b - 6 = c + 2, v*c = 5*b + 18. What is the remainder when d is divided by c?
0
Let f(i) = -i**3 - 3*i**2 - 4*i - 3. Let y be f(-2). What is the remainder when 1 + y - (-3 + -30) is divided by 18?
17
Suppose 8 = 2*j - 0*j. What is the remainder when 9 is divided by j?
1
Suppose -3*p + 5*y = -59, -5*p + 52 = -y - 83. Let n = 8 + -5. Calculate the remainder when p is divided by 15*n/((-18)/(-4)).
8
Let h be 18/(-12) + 62/4. Suppose 0 = -3*u + 46 + h. What is the remainder when 57 is divided by u?
17
Let q = -33 - -56. Suppose -a = 5*y - 61, 4*a + 18 = -2*y + 46. Calculate the remainder when q is divided by y.
11
Let d be ((-2)/(-4))/((-8)/2528). What is the remainder when 79 is divided by (-6)/(-9) - d/6?
25
Suppose z + 1 = -0, 5*z - 151 = -3*v. Suppose 0 = -12*j + 8*j + v. What is the remainder when 50 is divided by j?
11
Suppose 4*j = -2*m + 40, 3*j + 2*j - 80 = 5*m. Calculate the remainder when 32 is divided by j.
8
Suppose 2*p - n + 49 = 0, 3*n - 5*n + 2 = 0. Let v = p + 53. What is the remainder when v is divided by 16?
13
Suppose -4*f + 6*f - 50 = 0. Calculate the remainder when 72 is divided by f.
22
Let l(t) be the second derivative of -t**3/6 + 10*t**2 - 3*t. What is the remainder when 18 is divided by l(10)?
8
Suppose m = -m + 48. What is the remainder when m is divided by 10?
4
Suppose 11 = 4*h - 9. Suppose h*q = -46 + 16. Let r(a) = -6*a - 5. What is the remainder when r(q) is divided by 11?
9
Let y(z) be the second derivative of -z**4/12 + 5*z**3/3 - 11*z**2/2 + 2*z. What is the remainder when 36 is divided by y(6)?
10
Let a be 2*(-3)/12*18. Let v be 2/(12/a)*4. What is the remainder when ((-9)/v)/(6/32) is divided by 3?
2
Suppose 2*k - 50 = -3*k. Let p = 4 - 7. Let c(u) = u**2 - 4*u - 3. What is the remainder when c(p) is divided by k?
8
Suppose -1 = -3*x + 5. Suppose 0 = 5